{"id":3760,"date":"2025-08-04T00:18:40","date_gmt":"2025-08-04T00:18:40","guid":{"rendered":"https:\/\/tohibayinde.com\/kerales\/?page_id=3760"},"modified":"2026-04-20T21:23:43","modified_gmt":"2026-04-20T21:23:43","slug":"nos-metiers","status":"publish","type":"page","link":"https:\/\/tohibayinde.com\/kerales\/nos-metiers\/","title":{"rendered":"Nos metiers"},"content":{"rendered":"\t\t<div data-elementor-type=\"wp-page\" data-elementor-id=\"3760\" class=\"elementor elementor-3760\" data-elementor-post-type=\"page\">\n\t\t\t\t\t\t<section class=\"elementor-section elementor-top-section elementor-element elementor-element-216025c elementor-section-full_width elementor-section-stretched elementor-section-height-default elementor-section-height-default\" data-id=\"216025c\" data-element_type=\"section\" data-e-type=\"section\" data-settings=\"{&quot;stretch_section&quot;:&quot;section-stretched&quot;}\">\n\t\t\t\t\t\t<div class=\"elementor-container elementor-column-gap-default\">\n\t\t\t\t\t<div class=\"elementor-column elementor-col-100 elementor-top-column elementor-element elementor-element-a16d19e\" data-id=\"a16d19e\" data-element_type=\"column\" data-e-type=\"column\">\n\t\t\t<div class=\"elementor-widget-wrap elementor-element-populated\">\n\t\t\t\t\t\t<div class=\"elementor-element elementor-element-e219d65 elementor-widget elementor-widget-back-hero-slider\" data-id=\"e219d65\" data-element_type=\"widget\" data-e-type=\"widget\" data-widget_type=\"back-hero-slider.default\">\n\t\t\t\t<div class=\"elementor-widget-container\">\n\t\t\t\t\t\r\n            <div class=\"back-unique-slider back-hero-slider\">\r\n                <div id=\"back-slick-slider-15730\" class=\"back-addons-slider\">                        \r\n                                        <div class=\"slide-item\">\r\n                              \r\n                            <div  class=\"back-hero-slide\" style=\"background-image: url(https:\/\/tohibayinde.com\/kerales\/wp-content\/uploads\/2025\/08\/Frame-1171275699.png);\">\r\n                                                            <div class=\"hero-inner-slide\">  \r\n                                    <div class=\"container\">                              \r\n                                        \r\n                                                                                    \r\n                                            <div class=\"slider-title\">\r\n                                                <h1 class=\"title\"> Nos m\u00e9tiers et domaines d\u2019intervention<\/h1>                                   \r\n                                            <\/div>                                           \r\n                                                                                \r\n\r\n                                         \r\n\r\n                                                                            <\/div>                                       \r\n                                <\/div>                                       \r\n                            <\/div>\r\n                        <\/div>           \r\n                       \r\n                <\/div>\r\n                <div class=\"back-slider-conf wpsisac-hide\" data-conf=\"{&quot;autoplaySpeed&quot;:3000,&quot;slider_autoplay&quot;:&quot;false&quot;,&quot;pauseOnHover&quot;:&quot;false&quot;,&quot;sliderDots&quot;:&quot;false&quot;,&quot;sliderNav&quot;:&quot;true&quot;,&quot;infinite&quot;:&quot;false&quot;}\"><\/div>\r\n            <\/div>\r\n            <script type=\"text\/javascript\"> \r\n                jQuery(document).ready(function(){\r\n                    jQuery( '.back-addons-slider' ).each(function( index ) {        \r\n                    var slider_id       = jQuery(this).attr('id'); \r\n                    var slider_conf     = jQuery.parseJSON( jQuery(this).closest('.back-unique-slider').find('.back-slider-conf').attr('data-conf'));\r\n                   \r\n                    if( typeof(slider_id) != 'undefined' && slider_id != '' ) {\r\n                    jQuery('#'+slider_id).not('.slick-initialized').slick({\r\n                    slidesToShow    : 1,\r\n                    centerMode      : false,\r\n                    dots            : (slider_conf.sliderDots)  == \"true\" ? true : false,\r\n                    arrows          : (slider_conf.sliderNav) == \"true\" ? true : false,\r\n                    autoplay        : (slider_conf.slider_autoplay) == \"true\" ? true : false,\r\n                    slidesToScroll  : 1,\r\n                    centerPadding   : '0px',\r\n                    autoplaySpeed   : parseInt(slider_conf.autoplaySpeed),\r\n                    pauseOnHover    : (slider_conf.pauseOnHover) == \"true\" ? true : false,\r\n                    loop : (slider_conf.infinite)  == \"true\" ? true : false,\r\n                    });\r\n                }\r\n                });\r\n            });\r\n            <\/script>\r\n        \t\t\t\t<\/div>\n\t\t\t\t<\/div>\n\t\t\t\t<div class=\"elementor-element elementor-element-67012c7 elementor-widget__width-initial elementor-absolute elementor-widget elementor-widget-image\" data-id=\"67012c7\" data-element_type=\"widget\" data-e-type=\"widget\" data-settings=\"{&quot;_position&quot;:&quot;absolute&quot;}\" data-widget_type=\"image.default\">\n\t\t\t\t\t\t\t\t\t\t\t\t\t\t\t<img decoding=\"async\" src=\"https:\/\/backtheme.tech\/products\/wordpress\/kbizwp\/wp-content\/uploads\/2022\/06\/shape3.png\" title=\"\" alt=\"\" loading=\"lazy\" \/>\t\t\t\t\t\t\t\t\t\t\t\t\t\t\t<\/div>\n\t\t\t\t\t<\/div>\n\t\t<\/div>\n\t\t\t\t\t<\/div>\n\t\t<\/section>\n\t\t\t\t<section class=\"elementor-section elementor-inner-section elementor-element elementor-element-3fb7e4d elementor-section-boxed elementor-section-height-default elementor-section-height-default\" data-id=\"3fb7e4d\" data-element_type=\"section\" data-e-type=\"section\" data-settings=\"{&quot;background_background&quot;:&quot;classic&quot;}\">\n\t\t\t\t\t\t<div class=\"elementor-container elementor-column-gap-custom\">\n\t\t\t\t\t<div data-ra-url=\"https:\/\/tohibayinde.com\/kerales\/marche-des-capitaux\/\" data-ra-target=\"_self\" class=\"ra-clickable-wrapper elementor-column elementor-col-33 elementor-inner-column elementor-element elementor-element-33bdc5b3 tab-btn elementor-invisible\" style=\"cursor:pointer;\" data-id=\"33bdc5b3\" data-element_type=\"column\" data-e-type=\"column\" data-settings=\"{&quot;animation&quot;:&quot;zoomIn&quot;,&quot;animation_delay&quot;:0}\">\n\t\t\t<div class=\"elementor-widget-wrap elementor-element-populated\">\n\t\t\t\t\t\t<div class=\"elementor-element elementor-element-5e013f31 elementor-widget elementor-widget-image\" data-id=\"5e013f31\" data-element_type=\"widget\" data-e-type=\"widget\" data-widget_type=\"image.default\">\n\t\t\t\t\t\t\t\t\t\t\t\t\t\t\t<img fetchpriority=\"high\" decoding=\"async\" width=\"364\" height=\"289\" src=\"https:\/\/tohibayinde.com\/kerales\/wp-content\/uploads\/2025\/07\/Frame-1171275688.png\" class=\"attachment-large size-large wp-image-3482\" alt=\"\" srcset=\"https:\/\/tohibayinde.com\/kerales\/wp-content\/uploads\/2025\/07\/Frame-1171275688.png 364w, https:\/\/tohibayinde.com\/kerales\/wp-content\/uploads\/2025\/07\/Frame-1171275688-300x238.png 300w\" sizes=\"(max-width: 364px) 100vw, 364px\" \/>\t\t\t\t\t\t\t\t\t\t\t\t\t\t\t<\/div>\n\t\t<div class=\"elementor-element elementor-element-74b8e2c9 e-flex e-con-boxed e-con e-parent\" data-id=\"74b8e2c9\" data-element_type=\"container\" data-e-type=\"container\" data-settings=\"{&quot;background_background&quot;:&quot;classic&quot;}\">\n\t\t\t\t\t<div class=\"e-con-inner\">\n\t\t\t\t<div class=\"elementor-element elementor-element-2b4730be elementor-widget elementor-widget-heading\" data-id=\"2b4730be\" data-element_type=\"widget\" data-e-type=\"widget\" data-widget_type=\"heading.default\">\n\t\t\t\t\t<h2 class=\"elementor-heading-title elementor-size-default\">March\u00e9s des capitaux<\/h2>\t\t\t\t<\/div>\n\t\t\t\t<div class=\"elementor-element elementor-element-42a38b90 elementor-widget elementor-widget-text-editor\" data-id=\"42a38b90\" data-element_type=\"widget\" data-e-type=\"widget\" data-widget_type=\"text-editor.default\">\n\t\t\t\t\t\t\t\t\t<ul><li>Interm\u00e9diation boursi\u00e8re<\/li><li>Gestion de portefeuille<\/li><li>Tenue de comptes et la conservation<\/li><li>Service aux \u00e9metteurs<\/li><\/ul>\t\t\t\t\t\t\t\t<\/div>\n\t\t\t\t\t<\/div>\n\t\t\t\t<\/div>\n\t\t\t\t\t<\/div>\n\t\t<\/div>\n\t\t\t\t<div data-ra-url=\"https:\/\/tohibayinde.com\/kerales\/ingenieries-financieres\/\" data-ra-target=\"_self\" class=\"ra-clickable-wrapper elementor-column elementor-col-33 elementor-inner-column elementor-element elementor-element-54018273 tab-btn elementor-invisible\" style=\"cursor:pointer;\" data-id=\"54018273\" data-element_type=\"column\" data-e-type=\"column\" data-settings=\"{&quot;animation&quot;:&quot;zoomIn&quot;,&quot;animation_delay&quot;:0}\">\n\t\t\t<div class=\"elementor-widget-wrap elementor-element-populated\">\n\t\t\t\t\t\t<div class=\"elementor-element elementor-element-78ec97a9 elementor-widget elementor-widget-image\" data-id=\"78ec97a9\" data-element_type=\"widget\" data-e-type=\"widget\" data-widget_type=\"image.default\">\n\t\t\t\t\t\t\t\t\t\t\t\t\t\t\t<img decoding=\"async\" width=\"364\" height=\"289\" src=\"https:\/\/tohibayinde.com\/kerales\/wp-content\/uploads\/2025\/07\/Frame-1171275689.png\" class=\"attachment-large size-large wp-image-3493\" alt=\"\" srcset=\"https:\/\/tohibayinde.com\/kerales\/wp-content\/uploads\/2025\/07\/Frame-1171275689.png 364w, https:\/\/tohibayinde.com\/kerales\/wp-content\/uploads\/2025\/07\/Frame-1171275689-300x238.png 300w\" sizes=\"(max-width: 364px) 100vw, 364px\" \/>\t\t\t\t\t\t\t\t\t\t\t\t\t\t\t<\/div>\n\t\t<div class=\"elementor-element elementor-element-1eeaa710 e-flex e-con-boxed e-con e-parent\" data-id=\"1eeaa710\" data-element_type=\"container\" data-e-type=\"container\" data-settings=\"{&quot;background_background&quot;:&quot;classic&quot;}\">\n\t\t\t\t\t<div class=\"e-con-inner\">\n\t\t\t\t<div class=\"elementor-element elementor-element-5f6f841d elementor-widget elementor-widget-heading\" data-id=\"5f6f841d\" data-element_type=\"widget\" data-e-type=\"widget\" data-widget_type=\"heading.default\">\n\t\t\t\t\t<h2 class=\"elementor-heading-title elementor-size-default\">Ing\u00e9nierie financi\u00e8re<\/h2>\t\t\t\t<\/div>\n\t\t\t\t<div class=\"elementor-element elementor-element-51c05253 elementor-widget elementor-widget-text-editor\" data-id=\"51c05253\" data-element_type=\"widget\" data-e-type=\"widget\" data-widget_type=\"text-editor.default\">\n\t\t\t\t\t\t\t\t\t<ul><li>Conseil en investissement<\/li><li>Lev\u00e9e de fond<\/li><li>Financements structur\u00e9s<\/li><li>Fusions et acquisitions<\/li><li>Restructuration<\/li><\/ul>\t\t\t\t\t\t\t\t<\/div>\n\t\t\t\t\t<\/div>\n\t\t\t\t<\/div>\n\t\t\t\t\t<\/div>\n\t\t<\/div>\n\t\t\t\t<div data-ra-url=\"https:\/\/tohibayinde.com\/kerales\/recherche-et-analyse\/\" data-ra-target=\"_self\" class=\"ra-clickable-wrapper elementor-column elementor-col-33 elementor-inner-column elementor-element elementor-element-677d6175 tab-btn elementor-invisible\" style=\"cursor:pointer;\" data-id=\"677d6175\" data-element_type=\"column\" data-e-type=\"column\" data-settings=\"{&quot;animation&quot;:&quot;zoomIn&quot;,&quot;animation_delay&quot;:0}\">\n\t\t\t<div class=\"elementor-widget-wrap elementor-element-populated\">\n\t\t\t\t\t\t<div class=\"elementor-element elementor-element-400073e elementor-widget elementor-widget-image\" data-id=\"400073e\" data-element_type=\"widget\" data-e-type=\"widget\" data-widget_type=\"image.default\">\n\t\t\t\t\t\t\t\t\t\t\t\t\t\t\t<img decoding=\"async\" width=\"364\" height=\"289\" src=\"https:\/\/tohibayinde.com\/kerales\/wp-content\/uploads\/2025\/07\/Frame-1171275690.png\" class=\"attachment-large size-large wp-image-3494\" alt=\"\" srcset=\"https:\/\/tohibayinde.com\/kerales\/wp-content\/uploads\/2025\/07\/Frame-1171275690.png 364w, https:\/\/tohibayinde.com\/kerales\/wp-content\/uploads\/2025\/07\/Frame-1171275690-300x238.png 300w\" sizes=\"(max-width: 364px) 100vw, 364px\" \/>\t\t\t\t\t\t\t\t\t\t\t\t\t\t\t<\/div>\n\t\t<div class=\"elementor-element elementor-element-702b6dec e-flex e-con-boxed e-con e-parent\" data-id=\"702b6dec\" data-element_type=\"container\" data-e-type=\"container\" data-settings=\"{&quot;background_background&quot;:&quot;classic&quot;}\">\n\t\t\t\t\t<div class=\"e-con-inner\">\n\t\t\t\t<div class=\"elementor-element elementor-element-6180319a elementor-widget elementor-widget-heading\" data-id=\"6180319a\" data-element_type=\"widget\" data-e-type=\"widget\" data-widget_type=\"heading.default\">\n\t\t\t\t\t<h2 class=\"elementor-heading-title elementor-size-default\">Analyse et recherche<\/h2>\t\t\t\t<\/div>\n\t\t\t\t<div class=\"elementor-element elementor-element-5904a17 elementor-widget elementor-widget-text-editor\" data-id=\"5904a17\" data-element_type=\"widget\" data-e-type=\"widget\" data-widget_type=\"text-editor.default\">\n\t\t\t\t\t\t\t\t\t<ul><li>Notes p\u00e9riodiques<\/li><li>Notes sectorielles<\/li><li>Analyses du march\u00e9<\/li><\/ul>\t\t\t\t\t\t\t\t<\/div>\n\t\t\t\t\t<\/div>\n\t\t\t\t<\/div>\n\t\t\t\t\t<\/div>\n\t\t<\/div>\n\t\t\t\t\t<\/div>\n\t\t<\/section>\n\t\t\t\t<\/div>\n\t\t","protected":false},"excerpt":{"rendered":"<p>Nos m\u00e9tiers et domaines d\u2019intervention March\u00e9s des capitaux Interm\u00e9diation boursi\u00e8re Gestion de portefeuille Tenue de comptes et la conservation Service aux \u00e9metteurs Ing\u00e9nierie financi\u00e8re Conseil en investissement Lev\u00e9e de fond Financements structur\u00e9s Fusions et acquisitions Restructuration Analyse et recherche Notes p\u00e9riodiques Notes sectorielles Analyses du march\u00e9<\/p>\n","protected":false},"author":1,"featured_media":0,"parent":0,"menu_order":0,"comment_status":"closed","ping_status":"closed","template":"elementor_header_footer","meta":{"_monsterinsights_skip_tracking":false,"_monsterinsights_sitenote_active":false,"_monsterinsights_sitenote_note":"","_monsterinsights_sitenote_category":0,"footnotes":""},"class_list":["post-3760","page","type-page","status-publish","hentry"],"aioseo_notices":[],"_links":{"self":[{"href":"https:\/\/tohibayinde.com\/kerales\/wp-json\/wp\/v2\/pages\/3760","targetHints":{"allow":["GET"]}}],"collection":[{"href":"https:\/\/tohibayinde.com\/kerales\/wp-json\/wp\/v2\/pages"}],"about":[{"href":"https:\/\/tohibayinde.com\/kerales\/wp-json\/wp\/v2\/types\/page"}],"author":[{"embeddable":true,"href":"https:\/\/tohibayinde.com\/kerales\/wp-json\/wp\/v2\/users\/1"}],"replies":[{"embeddable":true,"href":"https:\/\/tohibayinde.com\/kerales\/wp-json\/wp\/v2\/comments?post=3760"}],"version-history":[{"count":37,"href":"https:\/\/tohibayinde.com\/kerales\/wp-json\/wp\/v2\/pages\/3760\/revisions"}],"predecessor-version":[{"id":4371,"href":"https:\/\/tohibayinde.com\/kerales\/wp-json\/wp\/v2\/pages\/3760\/revisions\/4371"}],"wp:attachment":[{"href":"https:\/\/tohibayinde.com\/kerales\/wp-json\/wp\/v2\/media?parent=3760"}],"curies":[{"name":"wp","href":"https:\/\/api.w.org\/{rel}","templated":true}]}}